3/6 - 153*u**2. What is h(-12)?
7
Suppose 2 = -3*m + m, 4*f - 4*m = -36. Let l(w) = w**3 - 5*w**2 + 7*w - 4. Let i be l(4). Let h = i + f. Let g(v) = 2*v**2 + 3*v + 2. What is g(h)?
4
Let k(i) = 3*i**2 - 17*i + 34. Let o(b) = -b**2 + 6*b - 11. Let x(u) = -2*k(u) - 7*o(u). Suppose -4*r - w = -0*w - 25, -r = -3*w - 3. Calculate x(r).
-3
Let o be (-5)/((-10)/(-8))*(-1)/4. Let d(f) be the second derivative of 3*f**5/40 + 5*f**3/6 - 4*f. Let b(h) be the second derivative of d(h). Give b(o).
9
Let i(z) = 2*z - 7. Let o(u) = u - 3. Suppose c - 8 = 5*c, -m - 4*c = 1. Let s(r) = m*o(r) - 4*i(r). Calculate s(6).
1
Let w(m) be the third derivative of 1/120*m**6 + 3*m**2 + 0*m + 1/15*m**5 - 1/6*m**4 + 0 + 7/6*m**3. What is w(-5)?
2
Let h(r) be the third derivative of -7*r**4/12 - r**3/2 + 3*r**2. Determine h(-3).
39
Let s(q) = -q**2 + q**3 - 2*q**3 - 1 + 2*q - 9*q**3. Suppose 5*j - 74 = -24. Suppose l = 3*v - 6, 2*l - j = -4*v + 4*l. What is s(v)?
-10
Let y(b) be the third derivative of b**6/120 - b**5/20 - b**4/24 - b**3/2 + 2*b**2 - 152. Give y(4).
9
Let o(z) = z**3 - 6*z**2 - z + 6. Let a be o(6). Let v(l) = 16 - 19 + 0*l + l + a*l. Give v(7).
4
Suppose -7*y = -3*y - 156. Let p(w) = -2*w - 18 + y - 14. What is p(9)?
-11
Suppose -p + 3 = -4*u, -p + 15 = 4*p + 4*u. Let o(a) = p*a + 0*a**2 + 2*a**2 - a**2 + 4. Give o(-4).
8
Suppose 29*q = 8*q + 84. Let f(g) = 125*g + 70. Let z(r) = -14*r - 8. Let a(w) = q*f(w) + 35*z(w). Let x = 1 - 2. Calculate a(x).
-10
Let q(w) = -7*w - 3. Let m(s) = -32*s - 7. Let f(n) = 8*n + 2. Let b(c) = -9*f(c) - 2*m(c). Let p(j) = -5*b(j) + 6*q(j). Give p(5).
-8
Let r(i) be the second derivative of i**7/840 + i**6/90 - i**5/120 + i**4/6 + 13*i**3/6 + 6*i. Let t(g) be the second derivative of r(g). What is t(-5)?
-16
Let c be (2/3)/((-4)/(-24)). Let t(q) = 11*q**3 + 4*q**2 + 6*q + 1. Let y(n) = -3*n**3 - n. Let i(k) = t(k) + 4*y(k). Determine i(c).
9
Let z = 47 + -43. Let t(n) be the first derivative of 4 + 0*n**3 + 0*n + 1/4*n**z - 1/2*n**2. What is t(2)?
6
Let b(l) = -8*l**2 + 8*l - 5. Let m(s) = -95*s**2 + 95*s - 60. Let v(q) = -35*b(q) + 3*m(q). Let z(y) = y**2 + 1. Let j(k) = v(k) + 4*z(k). Give j(5).
-1
Let n(j) = 4 - 3*j - j**2 + 3*j. Let q = -945 - -942. Calculate n(q).
-5
Let h = 62 + -58. Suppose -9 = -3*a - 3. Let c(y) = y**3 + y + 1. Let v(n) = -3*n**3 + 4*n**2 + 2. Let b(k) = a*c(k) + v(k). Calculate b(h).
12
Let o be 17/((-187)/264)*(-2)/4. Let t(n) = n**3 - 11*n**2 - 13*n + 14. Calculate t(o).
2
Let s(z) = z**3 + 12*z**2 + 2*z + 31. Let h be s(-12). Let u(a) = -a - 8. Determine u(h).
-15
Let z = -70 - -147. Let j = z + -77. Let g(w) = -w**3 - w - 22. Give g(j).
-22
Let f(q) = -q**3 - 2*q**2 + 2*q - 1. Let p(s) = -s**2 - 11*s + 23. Let z be p(2). Calculate f(z).
2
Let x(n) be the third derivative of n**4/12 + 2*n**3/3 - n**2. Let j(b) = 7*b - 36. Let s be j(8). Let i be (-3 + 65/s)*12. Determine x(i).
10
Let k(w) = 4*w**3 - 8*w**2 + 4*w - 4. Suppose 0 = 3*s + d - 4, 11*d = 4*s + 8*d - 14. Give k(s).
4
Let c(w) = 2*w - 4. Let q be c(4). Suppose -7 = -o - q*m, 4*o - 5 = 2*o + m. Let g(d) = -4 + 1 - d**2 + 0 + 2 - o*d. Calculate g(-4).
-5
Let d(w) = -w**3 - 7*w**2 + 5. Let x be d(-7). Let f(c) = -c + 1. Let u(r) = -r**2 + 6*r - 3. Let h(s) = -2*f(s) - u(s). Determine h(x).
6
Let j(z) = -z**2 + 4*z + 1. Let v(d) = d**2 + 16*d + 17. Let n be v(-15). Let k be (n + 1)*(-32)/(-24). Suppose k*x - x = 18. Give j(x).
-11
Suppose -i = -2*v + 13, 4*i + 43 = 4*v - 1. Let r = 15 + i. Suppose -r*o + 4*o = 2. Let t(n) = 7*n**3 + n**2. What is t(o)?
-6
Let z(t) be the second derivative of -1/3*t**3 + 5*t + 1/12*t**4 + 0 - 5/2*t**2. Determine z(4).
3
Let v(o) = -o**3 + 8*o**2 + 3*o - 15. Suppose -2*w - 5*k = -11, 2*w + 3 = -2*k + 17. What is v(w)?
9
Let a(p) = -p - 9. Let j be 27/(-6)*4/(-9). Suppose -j*n = -0*n. Suppose 2*u + 13 - 3 = n. Determine a(u).
-4
Let f(i) be the third derivative of -i**5/30 - 10*i**3/3 - 554*i**2. Calculate f(0).
-20
Suppose -2*s - 7 - 3 = 0. Let v(d) be the third derivative of -d**5/60 - d**4/6 + d**3 - d**2 + 982*d - 1. What is v(s)?
1
Suppose 4*v - 23*v - 171 = 0. Let k(z) = z**2 + 5*z + 9. Determine k(v).
45
Let r be 18/(-9)*(-6)/(4 - 1). Let l(q) = -q**2 + q + 9. Determine l(r).
-3
Let b(j) = -2*j**2 - j**2 + 3*j**2 + 4*j**2. What is b(2)?
16
Let z(b) = -6*b + 4*b + 5*b - 4*b - 3. Calculate z(-7).
4
Suppose -2*l + 2759 = 5*t, 4*l - 5*t - 4867 - 726 = 0. Let c = l + -943. Let n(a) = -c - 2*a + 448 - a**3 + 0*a - 3*a**2. Give n(-1).
-1
Let x(d) = -4*d**2 - 8*d - 5. Let u(q) = -3*q**2 - 9*q - 6. Let c(z) = 3*u(z) - 2*x(z). Calculate c(-7).
20
Let g(h) = -3*h**3 - 5*h**2 + 2. Let w(v) = -4*v**3 - 5*v**2 - v + 3. Let j(i) = 3*g(i) - 2*w(i). What is j(-5)?
-10
Suppose -5*d + 4 = -21. Suppose i + 12 = -3*i + 4*w, d*w = 2*i + 12. Let y(o) be the second derivative of 3*o**3/2 + o**2/2 - 49*o - 1. Determine y(i).
-8
Let k = 3 - -7. Suppose q = -2*g - 7, -2*g = -q + 3 - k. Let a(p) = p. Calculate a(q).
-7
Let i(o) = o - 2. Suppose -5*p + 8 + 47 = 0. Let a(f) = -10*f + 12 + f - p*f**2 - f**3 + 0*f**3. Let n be a(-10). Calculate i(n).
0
Let v(t) be the second derivative of 5*t + 0 + 1/20*t**5 + 1/3*t**3 + 1/3*t**4 + 2*t**2. Let s be v(-4). Let l(k) = k**2 + 4*k + 3. Determine l(s).
3
Let u(m) = -m**2 - 6*m + 4. Let z be 374/33*486/4. Let g be z/(-189) - 4/(-14). Determine u(g).
-3
Let r(j) = -j**3 + j**2 - j + 2. Let h be (-12)/14 + (-12)/(-14). Determine r(h).
2
Let k(f) = 5*f + 19. Let z(c) = -c + 2. Let l(x) = -k(x) - 3*z(x). Give l(-8).
-9
Let b(w) = 7*w. Let t(s) = -2*s**2 - 22*s - 59. Let p be t(-6). Give b(p).
7
Let u(h) = -h**2 - 1. Let q(a) = 3*a**2 - 9*a - 3. Let b(o) = q(o) - 4*u(o). Let c(p) = -3*p**2 + 4*p. Let n(i) = -2*b(i) - 5*c(i). Determine n(3).
1
Let z(x) = 2*x + 1. Let p(o) = o + 1. Let q(n) = -5*p(n) + 3*z(n). Calculate q(1).
-1
Let w(f) be the second derivative of f**4/12 + f**3/2 - f**2 + 42*f. What is w(-4)?
2
Let d = -5 + 11. Suppose 4*b - 14 = d. Let h(x) = -18*x**2 - 5 + 34*x**2 - 15*x**2 - 6*x + 3. Calculate h(b).
-7
Let w(z) = 13*z**2 + 3*z - 28. Let m(a) = 15*a**2 + 4*a - 29. Let b(g) = -6*m(g) + 7*w(g). Give b(7).
6
Let a(t) = -3*t - 9*t + 5*t + 18*t - 3*t - 1. Suppose -5*o = -4*d + 10 - 29, -5*d = -2*o + 11. Calculate a(d).
-9
Let y be -1 + -7*(-4 - -7). Let a = y - -27. Let o(s) = s**2 - 4*s - 2. What is o(a)?
3
Suppose 0 = -4*s - s + 25. Suppose 4*o + j - 99 = 0, 2*o = o + s*j + 30. Let z be 65/o + (-6)/(-15). Let t(m) = -m**3 + 2*m**2 + 3*m + 1. Give t(z).
1
Let p(k) = k**2 + 11*k + 4. Let o be p(-11). Suppose -b - 2*t = t + 15, -4*t - 36 = o*b. Let x(y) = 8*y - 4*y + 0 - 9 - 6*y. Give x(b).
3
Suppose 0 = 4*x + 4*g - 108, -x + 57 = -3*g - 2*g. Let r be x/(-15) - ((-124)/30 + 4). Let z(p) = p**2 + 2*p + 1. Calculate z(r).
1
Suppose -2*b + 0*x - 6 = 4*x, -4*x = -b - 9. Let c(y) = -7*y - 7. Let i(a) = 6*a + 6. Let w(z) = b*c(z) - 6*i(z). Calculate w(5).
-6
Suppose 0 = -11*y - 17 - 16. Suppose -4*m + 10 = x, x = 3*x + 2*m - 8. Let w(z) = -3*z - 3 + z**x - 4*z**2 - 1 - z**3. Give w(y).
5
Let o(a) be the first derivative of 4*a**2 + 6*a - 81. What is o(-4)?
-26
Let o(r) = -r**3 - 6*r**2 + 8*r - 9. Let m = 676 - 683. Give o(m).
-16
Let g(z) = 3*z**2 + 6*z + 54. Let i(n) = -7*n**2 - 12*n - 121. Let p(u) = -9*g(u) - 4*i(u). Let v = 2 - -2. Determine p(v).
-10
Let f(g) = -g**3 - 8*g**2 + 5*g - 37. Let d be f(-9). Let n(c) = -5*c**2 - 3*c - 1. Calculate n(d).
-3
Let q(t) = 23*t + 81. Let h(u) = -12*u - 43. Let i(o) = 11*h(o) + 6*q(o). What is i(-6)?
-23
Let a(f) = f**3 + 6*f + 15 - 9*f**2 + 6*f**2 - 6*f**2 + 0*f + f. What is a(8)?
7
Let r(b) = -2*b - 28. Let z be r(-15). Let y(p) = 1 + 5*p + 18*p**2 - 3*p - 25*p**z. What is y(-1)?
-8
Let y(s) = -54 + 116 - 3*s + 4*s - 60. What is y(-3)?
-1
Let c(w) = -w**2 - 10*w + 10. Suppose 880 = 129*v + 2170. Determine c(v).
10
Let r(v) = -v + 4. Let u be 3 + 1*(-2 + 0) + -3. Let n be (6 + -6)/((-4)/u). Determine r(n).
4
Let m = -29 + 33. Let o(j) be the first derivative of j**5/40 - j**4/12 - j**3 + 5. Let d(a) be the third derivative of o(a). Give d(m).
10
Suppose -f + 0*f + 3*v = 9, 2*f + 15 = 5*v. Let w(p) be the third derivative of -p**3 - 1/24*p**4 + 0 - 13*p**2 + 0*p. What is w(f)?
-6
Let s(j) = j**2 + 2*j + 7. Suppose -5*z + 3 = 5*r + 18, -3